ose 0 = -5*h, 2*r + y*h = -d*r + 72. Calculate the remainder when r is divided by 19.
17
Let m = 38 + 44. Let t(y) = 6*y - 49. Calculate the remainder when m is divided by t(11).
14
Let a = -115 + 137. Let o(m) = -m - 2 + 2*m - 3*m. Calculate the remainder when a is divided by o(-5).
6
Let t be (-4)/((-3 + 4)/(-1)). Calculate the remainder when 86 is divided by ((-70)/t - -3)*-2.
28
Let y(j) = j**2 + 4*j + 7. Calculate the remainder when y(-9) is divided by 18.
16
Let t = -16 + 11. Let l = t - -8. Suppose 0*c = l*c - 153. Calculate the remainder when c is divided by 18.
15
Suppose -z = -m + 5, -3*m + 8 + 2 = -2*z. Suppose 3*x + 4*d = 61, -x + m*x + 22 = d. What is the remainder when x is divided by 7?
6
Let n(z) = z + 16. Let s be n(0). Suppose -4*v - s = -2*q, -41 = -4*q + v - 2*v. Calculate the remainder when q is divided by 6.
4
Let a(v) = v**2 + 2*v - 1. Calculate the remainder when a(-4) is divided by 6.
1
Let l(v) = v + 1. What is the remainder when 9 is divided by l(5)?
3
Suppose 0 = q, -57 = -4*p + 4*q + 107. Let u = -6 - -27. What is the remainder when p is divided by u?
20
Suppose -93*w + 91*w + 24 = 0. What is the remainder when 35 is divided by w?
11
Let f = -4 - 3. Let s(r) = -r**3 - 6*r**2 + 6*r - 6. Suppose 2*z = l + 4, l + 1 = z - 2. Calculate the remainder when z is divided by s(f).
0
Let w = -9 + 12. Suppose b = -w*b + 116. Calculate the remainder when b is divided by 8.
5
Let u(s) = -s + 2. Suppose -i = 5*g - 4 + 1, -4*i + 12 = -g. What is the remainder when i is divided by u(0)?
1
Let l(c) = -10*c - 40. Calculate the remainder when 68 is divided by l(-7).
8
Let q(j) = 3 + j**2 + j**2 - 6*j + 0*j**2. What is the remainder when q(4) is divided by 3 + 2 + (-2)/(-2)?
5
Let s = -5 + 8. Suppose -q = 3*k + 3*q - 64, 3*q + 78 = s*k. What is the remainder when k is divided by 9?
6
Let f(g) = -14*g**3 + g**2 + 2*g + 1. Let a be f(-1). Let t be ((-2)/2)/(1/a). Calculate the remainder when 10 is divided by t/2*(-6)/7.
4
Let u(w) = 6*w - 3. Let t be u(2). Let l be 533/t - 8/36. Suppose -2*i + l = -v - 2*v, -4*v = -2*i + 64. What is the remainder when i is divided by 8?
6
Let q(o) = -o**3 - 5*o**2 + 15*o + 12. What is the remainder when 29 is divided by q(-7)?
4
Suppose 11*x - 240 = 6*x. What is the remainder when x is divided by 17?
14
Let d = 93 + -54. Calculate the remainder when d is divided by 4/2 - (1 - 9).
9
Let f(y) = -y**3 - y + 15. Let p(w) = w - 4. Let h be p(4). Calculate the remainder when 57 is divided by f(h).
12
Calculate the remainder when (7 + -9)/(1/(-23)) is divided by 16.
14
Let g = 26 + -7. What is the remainder when 94 is divided by g?
18
Let z(f) = 3*f - 3. What is the remainder when 46 is divided by z(5)?
10
Suppose -3*z - 2 = b, 0 = 5*b - 4*z - 5 - 4. What is the remainder when 2 is divided by b?
0
Suppose -2*v + 24 + 86 = 2*r, -135 = -3*r + 3*v. What is the remainder when r is divided by 26?
24
Let w = -2 + 2. Suppose 3*b - 6*b = -12. Suppose 9*t - b*t - 60 = w. Calculate the remainder when 34 is divided by t.
10
Let s(h) = 7*h - 3. Let w be s(3). Let p = 20 + w. Suppose g - 2 = 0, 0*t - t + 9 = -2*g. Calculate the remainder when p is divided by t.
12
Let p(j) = -j**3 - 5*j**2 - 2*j - 5. Let f be p(-5). Suppose -4*h - h = -325. Suppose 0*w - h = -f*w. What is the remainder when w is divided by 8?
5
Let k(o) = -o**3 - 1. Let r(w) = -2*w**3 - 7*w**2 - 7*w + 1. Let q(f) = k(f) - r(f). What is the remainder when q(-5) is divided by 8?
5
Suppose 24*d = 37*d - 169. What is the remainder when 37 is divided by d?
11
Suppose 325 + 254 = 3*y. Let p = y + -138. What is the remainder when p is divided by 19?
17
Suppose -g = -0*g - 53. Calculate the remainder when g is divided by 19.
15
Suppose 5*l = 3*t + 15, -1 = 3*l - 4*t + 1. Let b = 9 - 4. Suppose -3*h - 5*o = -88, -b*h + 4*o = 3*o - 100. What is the remainder when h is divided by l?
3
Suppose -4*p + 6 = -t - 69, -3*p + 5*t = -35. What is the remainder when 57 is divided by p?
17
Let c = 6 + 2. Let g(x) = -x**2 + 1. Let k(i) = i**3 - 11*i**2 - 4*i + 13. Let m(z) = -4*g(z) + k(z). What is the remainder when m(c) is divided by 14?
13
Suppose -5*y - 3*z + 14 = -347, -4*z + 79 = y. Calculate the remainder when y is divided by 18.
17
Let g(x) = -2*x + 1. Let m(o) = -o**3 + 7*o**2 - o - 7. Calculate the remainder when m(3) is divided by g(-4).
8
Suppose -2*u - 53 + 5 = 0. Let q = -122 - -180. What is the remainder when q is divided by (u/15)/(4/(-50))?
18
Let f(j) = -j**3 - 6*j**2 + 8*j + 4. Let z be f(-7). Let y(t) = 5*t**2 - 4*t - 4. Calculate the remainder when y(z) is divided by 14.
11
Let d(f) = 17*f**3 + f**2 - 1. Let z be d(1). Suppose -z = -2*l + 5. What is the remainder when 21 is divided by l?
10
Let w be (-2 - 0)/(1/(-8)). Calculate the remainder when 32 is divided by w - (-5 + 3) - 1.
15
Suppose 38 = -78*o + 80*o. What is the remainder when 283 is divided by o?
17
Let v be (4 - 1) + 28 + -10. Suppose -7*u + 0*u = -v. Suppose t + 6 = 4*t. What is the remainder when u is divided by t?
1
Let c be (-4 + 2 - -27)*2. Let u = c - -18. Suppose -4*l + u = 4*i, 3*l + 15 = i + 82. Calculate the remainder when l is divided by 11.
10
Let p = 14 + -10. Let n be p + -3 + 1*5. Let b = n + 7. What is the remainder when b is divided by 5?
3
Suppose -85 = -3*v + 2*g, -14 = -v + 5*g + 36. Calculate the remainder when 74 is divided by v.
24
Let n = 13 - 10. Suppose 5*m - 45 = -p, n*m + 26 = 2*p - 51. What is the remainder when p is divided by 21?
19
Suppose -7*p + 4*p + 41 = 5*r, -3*r - 9 = -3*p. Suppose a - 32 = p. Let s = -4 - -14. What is the remainder when a is divided by s?
9
Suppose 2*a = -2*a + 96. Let z(c) = -24*c - 1. Calculate the remainder when z(-3) is divided by a.
23
Let a = -45 + 79. What is the remainder when a is divided by (-3 - -2)*-20 + -2?
16
Suppose -3*t + 2 = u, -2*u + u = 2*t - 6. Let w = 96 - 55. What is the remainder when w is divided by u?
13
Let g(t) = t**3 - 3*t**2 + 2*t + 1. Let h be g(2). Let v = 4 - h. Calculate the remainder when 4/(-14) + (-222)/(-42) is divided by v.
2
Suppose -3*a - 40 = 4*y - 173, -2*y - 4*a = -74. Calculate the remainder when 121 is divided by y.
28
Let n = 7 - -4. Calculate the remainder when 53/(-1)*(-4 - -3) is divided by n.
9
Let y = -1 + 0. Let w be (0 + 1)/(y + 2). Suppose p = w + 11. What is the remainder when 23 is divided by p?
11
Let r(f) = -8*f**3 + f**2 + 3*f + 1. Calculate the remainder when r(-1) is divided by 7.
0
Let d = -15 + 0. What is the remainder when -1*3/3*-19 is divided by ((-3)/(-2))/(d/(-110))?
8
What is the remainder when 6*(285/(-18))/(-5) is divided by 10?
9
Suppose -2*b = -24 + 56. Let c = 7 - b. What is the remainder when c is divided by 12?
11
Suppose 0 = 2*l - 60 - 172. Suppose -4*d - v + l = 3*v, -5*d = -2*v - 117. What is the remainder when d is divided by 9?
7
Let h(q) be the third derivative of -q**4/12 - 4*q**3/3 + 3*q**2. What is the remainder when 15 is divided by h(-8)?
7
Let o(g) = g**2 + 8*g + 6. Let c be o(-9). Let i = c + -9. What is the remainder when i is divided by 4?
2
Suppose 0*q - 5*q - 5*b + 60 = 0, 3*q - 36 = 2*b. Suppose -2*z + q = 4. What is the remainder when z is divided by 2?
0
Let w(y) = 2*y**2 + 10 + 2*y**2 + 18 + y - 5*y**2. Calculate the remainder when w(0) is divided by 15.
13
Let b = -9 + 14. Suppose -6 - b = -g. Calculate the remainder when g is divided by 6*(-5)/(-10) + (-9)/(-3).
5
Let k be 8/6*21/(-2). Let a = 1 - k. What is the remainder when 28 is divided by a?
13
Let j be (-15)/(-6)*-8*2. Let u = j + 66. Calculate the remainder when u is divided by 7.
5
Let h(s) = -11*s - 4. Let p(r) = -10*r - 5. Let k(q) = 3*h(q) - 4*p(q). Suppose 12 = -2*n + 56. What is the remainder when k(5) is divided by n?
21
Let d = 13 - -4. Let o be (-2)/5 + (-246)/10. Let p = o - -75. What is the remainder when p is divided by d?
16
Let h = 24 + 0. What is the remainder when h is divided by 9?
6
Calculate the remainder when 55 is divided by (1 - -1*27)*18/24.
13
Suppose -q = -6*q + 110. Calculate the remainder when 84 is divided by q.
18
Let v = -5 + 6. What is the remainder when (-1 + v + -1)/(-1) is divided by 1?
0
Suppose -68 = 6*n - 194. What is the remainder when n is divided by 6?
3
Suppose 7*c = 4*t + 9*c - 70, 3*c = 2*t - 31. Calculate the remainder when t is divided by 2